4)?
8
Suppose 15*v = 11*v + 64. Suppose -4*b - 104 + 292 = 0. Calculate the remainder when b is divided by v.
15
Suppose 149 = -7*o + 8*o. Calculate the remainder when o is divided by 30.
29
Suppose -f + 5*u = -24, -5*u + 0 - 6 = f. Let p = 15 + f. Calculate the remainder when p is divided by 13.
11
Suppose 5*w = -16 - 14. Suppose 18 - 19 = -y. Calculate the remainder when y is divided by (-2)/w*(4 + -1).
0
Let z = -18 - -31. What is the remainder when -16*((-3)/(-2))/(-1) is divided by z?
11
Let i(x) = -x + 1. Let f(u) = -2*u + 6. Let y(d) = -f(d) + 3*i(d). Suppose 3*v = -0*w - 2*w + 5, 3*w - 4 = -v. What is the remainder when v is divided by y(-4)?
0
Let m(h) = h - 2. Let r be m(3). Let x be (-5 - r)*7/(-2). Calculate the remainder when 12 is divided by (-1)/(((-3)/x)/1).
5
Let s = 142 + -13. What is the remainder when s is divided by 33?
30
Suppose 5*c - 156 = c. Suppose 2*s - 42 = -4*f, 6*s - 3*s - 53 = -5*f. Calculate the remainder when c is divided by f.
9
Suppose -4*q - 14 - 2 = 0. Calculate the remainder when 23 is divided by (q - -10) + 1*2.
7
Let u = -102 + 106. Calculate the remainder when 12 is divided by u.
0
Let z = -13 - -26. Let x be -3*(1 - (-7)/(-3)). Suppose 0 = -x*q - 18 - 2, 0 = -2*s - 3*q + 35. Calculate the remainder when s is divided by z.
12
Let l = -61 - -71. Let k be (-1)/2 + (-163)/2. Let i = 121 + k. Calculate the remainder when i is divided by l.
9
Let n = 36 - 25. What is the remainder when 51 is divided by n?
7
Let q = 25 - 20. Suppose -q*m = -w + 44, 2*w - 4*m + 94 = 5*w. What is the remainder when w is divided by 9?
7
What is the remainder when 4/(-6) - (-128)/12 is divided by 6?
4
Let j(x) = x**2 - 5*x. Let g be j(5). Let o(k) = k**2 - 6*k + 5. Let r be o(6). Calculate the remainder when 14 is divided by ((g - -2) + -1)*r.
4
Let k = 162 - 229. Let g = k - -112. Calculate the remainder when g is divided by 12.
9
Suppose -4*q + 5*q = 64. Calculate the remainder when q is divided by 22.
20
Suppose -3*n + 5*n = 62. Calculate the remainder when n is divided by 11.
9
Suppose 2*m - 30 = 3*y, -4*y + 104 - 29 = 5*m. Calculate the remainder when 44 is divided by m.
14
Let a(w) = 4*w + 1. Let s(v) = 9*v + 7 + 0*v**2 - v**2 - 4. Let b(p) = 7*a(p) - 3*s(p). What is the remainder when b(-2) is divided by 3?
2
What is the remainder when 60 is divided by ((-18)/5)/(-6) + 64/10?
4
What is the remainder when 941/4 + (20/16)/(-5) is divided by 15?
10
Suppose -5*w = -81 - 369. Calculate the remainder when w is divided by 13.
12
Suppose 11 = q - 15. Let n be 12*-3*(-4)/(-9). Let m = q + n. What is the remainder when m is divided by 6?
4
Suppose 4*z = -0*z + 112. Let u = -2 - -4. What is the remainder when z is divided by (1 - (-9 - -2)) + u?
8
Suppose -264 = -4*o - 2*q, 2*o = 7*o - q - 323. Calculate the remainder when o is divided by 17.
14
Suppose 1 = 3*a - 4*s, -6 = -s - 2*s. Let c be ((-20)/a)/5*-6. What is the remainder when 30 is divided by -4*22*(-1)/c?
8
Calculate the remainder when (-118)/(-3) + (-32)/6 + 5 is divided by 12.
3
Suppose 122 = 17*b - 218. What is the remainder when b is divided by 8?
4
Suppose 3*y + 3*s = 48, -3*y - s = y - 64. Suppose 3*p + p - y = 0. Suppose b - 57 + p = 0. Calculate the remainder when b is divided by 14.
11
Suppose -12 = -3*x, 3*u - 2*u + 2*x - 14 = 0. Let b(j) = -j**2 + 6*j + 4. Let g be b(u). Let o = g - 0. What is the remainder when 10 is divided by o?
2
Let t be (-8)/(-40) + (-374)/(-5). Suppose -t = -3*y - 2*y. What is the remainder when y is divided by 8?
7
Suppose -15 = 3*v, i - 4*v - 3 = 14. What is the remainder when i/2 + (-122)/(-4) is divided by 15?
14
Let v = 39 - -10. Suppose 0 = -3*x + 6. What is the remainder when v is divided by 15 + (x - (-1 + 1))?
15
Suppose -5*l + 4*y + 3 = 0, 2*l + 0*y - 3*y + 3 = 0. Let z = 2 + 1. What is the remainder when z is divided by l?
0
Suppose -7*x + 2*x + 160 = 0. Suppose x = f + f. Calculate the remainder when 29 is divided by f.
13
Let h(c) = -c**3 - 20*c**2 + 20*c - 11. What is the remainder when 107 is divided by h(-21)?
7
Let p(r) = -r**2 + 11*r - 10. Calculate the remainder when 79 is divided by p(5).
19
Suppose -2*z + 4 = -10. Let b = 6 + -3. Calculate the remainder when z is divided by 6/4*8/b.
3
Let o = 6 - 4. Suppose 54 = 2*c + 2. Calculate the remainder when c is divided by 248/18 + o/9.
12
Suppose t - 92 = -3*t. What is the remainder when t is divided by 6?
5
Let c(w) = -2*w**2 - w + 99. Calculate the remainder when c(0) is divided by 20.
19
Suppose -j + 2*c = 7*c - 43, 5*c - 10 = 0. What is the remainder when 163 is divided by j?
31
Calculate the remainder when (-8)/(-36) + 538/9 - 2 is divided by 12.
10
Let l be 2/6 - 3/9. Suppose l = -2*w + 4*w - 46. Suppose 2*x + 2*d = 12, -5*x + 30 = -5*d - 0*d. Calculate the remainder when w is divided by x.
5
Suppose 17 = 5*s + 4*w - 24, 2*s - 30 = -5*w. Suppose 2*l + 2*l - 76 = 0. Calculate the remainder when l is divided by s.
4
Suppose -7*o - o = -152. Calculate the remainder when o is divided by 10.
9
Suppose 4*c = 83 - 15. What is the remainder when 27 is divided by c?
10
Let q(l) = 3*l - 12. Calculate the remainder when q(8) is divided by 9 - (-4)/(-6)*6.
2
Suppose 0 = 2*v + v - 7*v. Let w = -40 - -60. Suppose v = f + f - w. What is the remainder when 28 is divided by f?
8
Let u be (11/(-3))/(2/6). Let p = -5 - -23. Let i = p + u. Calculate the remainder when 13 is divided by i.
6
Let f = -7 - -5. Suppose -5*q = 3*o - 53, q - 2*q = -2*o - 21. What is the remainder when 2 + -2 + f + 39 is divided by q?
11
What is the remainder when 21 - (2 + (-3 - -3)) is divided by 7?
5
Let j(c) = c**3 + 4*c**2 - 7*c - 6. Let z be j(-5). Let u(n) = n**2 - n - 5. Let m = 8 + -5. Calculate the remainder when u(z) is divided by m.
1
Let b(f) = f**2 + f + 3. Let o be b(0). Suppose -j - 5*u = -3*u - 24, 5*j - 113 = -o*u. What is the remainder when j is divided by 74/6 - (-2)/(-6)?
10
Let d be 0 + 4 - (0/(-1) - -29). Suppose 3*s = 5*s + 114. Let p = d - s. What is the remainder when p is divided by 11?
10
What is the remainder when (-536)/(-20) - 2/(-10) is divided by 15?
12
Let c(n) = 3*n**2 + 36*n + 26. What is the remainder when 48 is divided by c(-12)?
22
Let u(f) = f**3 - 8*f**2 + 2*f + 4. Let i be 1/3 - 23/(-3). Calculate the remainder when 58 is divided by u(i).
18
Let w = 76 - 40. Let h(q) = 2*q**2 - 32*q - 245. Calculate the remainder when w is divided by h(-6).
17
Let b(c) = -c**3 + 6*c**2 + 2*c + 7. Calculate the remainder when (-4)/(-6) - (-326)/6 is divided by b(6).
17
Suppose -5*k + 4*x = 1, 0 = 5*k - 2*k - 3*x. Let l be 1 - k - (-1)/(-1). Suppose -z - l = -7. Calculate the remainder when z is divided by 4.
2
Suppose 297 = 4*q + 65. Let a = -16 + 36. Calculate the remainder when q is divided by a.
18
Let q(z) = -17*z**3 - 2*z**2 - 2*z + 1. What is the remainder when q(-2) is divided by 27?
25
Suppose -2*i = i - 84. Let x = 8 - 5. Suppose k - 32 = -x*h, 3*h - 2*h - 12 = -k. Calculate the remainder when i is divided by h.
8
Let y = 13 + 7. What is the remainder when 57 is divided by y?
17
Let d be (-3)/(-2) + 3/6. What is the remainder when 49 is divided by (-3 - (-69)/6)*d?
15
Calculate the remainder when -9*14*22/(-12) is divided by 13.
10
Suppose 3*d + 53 = 5*s, 9*d - 20 = 4*d. What is the remainder when 36 is divided by s?
10
Let o(k) = -2*k - 9. Calculate the remainder when 4 is divided by o(-6).
1
Calculate the remainder when ((-70)/(-25))/(4/70) is divided by 13.
10
What is the remainder when 43 is divided by (2 - 52/3)/((-4)/6)?
20
Suppose -5*r + 2*r = -90. Suppose -5*w + 4*n + 49 = 0, 0*n + r = 3*w - 3*n. Suppose -2*a = -w - 7. What is the remainder when a is divided by 3?
2
Let k(f) = f**3 - 6*f**2 + 2*f - 9. Let x be k(6). Suppose x*o = 6*o - 24. Calculate the remainder when 31 is divided by o.
7
Suppose 5*z - 33 = -u + 10, -5*u + 5*z = -305. Calculate the remainder when u is divided by 46/3 - 4/12.
13
Let v = 57 - 30. What is the remainder when 51 is divided by v?
24
Suppose 5*l - 20 = 30. Let q = l + 6. Suppose y + 0*r - r = 42, -25 = -5*r. Calculate the remainder when y is divided by q.
15
Suppose -7*t - 2 = -51. What is the remainder when 19 is divided by t?
5
Suppose 3*c = 2*c + 4. Suppose 3*x - 2*a = -2*x + 93, -5*a - 71 = -c*x. Calculate the remainder when x is divided 